*2 - l + 5. Determine i(u).
5
Let d be 3 - (-6 + 1)/(-1). Let v be -3*(-3)/(6/d). Let r(b) = -3*b - 4. What is r(v)?
5
Let k = -63 - -66. Let f(a) be the first derivative of 1/4*a**4 + 1 + 3*a - a**k - 3/2*a**2. Give f(3).
-6
Let c(v) = -2*v + 7. Let t(l) = -1. Let h(d) = -c(d) - 2*t(d). Let i(q) = 3*q - 5. Let o(y) = -4*h(y) + 3*i(y). Calculate o(-5).
0
Let m(y) = y - 8. Suppose 6*j + 45 = j. Let a be (-6)/j + 39/9. Suppose -a*u + 16 + 14 = 0. Calculate m(u).
-2
Let z be 9/(-3)*20/(-3). Suppose -3*x - 17 = f, -z = 4*x + 4*f + 8. Let p(a) = -a**3 - 5*a**2 + 3*a + 6. Give p(x).
-9
Let u be -1*24/(-4) - 3. Let r(f) = 3*f**2 + 3*f**2 - u*f**2 - 3*f + 2 - 2*f**3 + 3*f**3. Let h be -5 - -2*(-1)/(-2). Give r(h).
-2
Let l(k) be the third derivative of 1/24*k**4 + 0*k + 0 - 1/2*k**3 + 3*k**2. Let m be (4/(-3))/(2/(-6)). Calculate l(m).
1
Let c be (-4)/(-30) + 1232/210. Let j(y) = y**3 - 5*y**2 - 8*y + 5. Give j(c).
-7
Let q be ((-4)/(-6))/(4/(-24)). Let k(i) = i + 2. Determine k(q).
-2
Let t(l) be the second derivative of l**4/12 + 2*l**3/3 + l**2 + 14*l. Let c be 2/6 - 16/3. What is t(c)?
7
Let n be 2*(9/6)/(-1). Let u be (-2)/n + 14/6. Let w(c) = -1 - u + 2 + c**2. What is w(2)?
2
Let y(r) = -4*r - 2. Let g(i) = 3*i + 3. Let l(n) = -3*g(n) - 2*y(n). What is l(5)?
-10
Let u(n) = 3*n**3 + 5*n**2 + 4*n + 3. Let m(o) = 7*o**3 + 10*o**2 + 7*o + 5. Let i(f) = -2*m(f) + 5*u(f). Let z be 45/(-12) + 1/(-4). What is i(z)?
-3
Let x(w) = -w**2 - w + 7. Let v(m) = -m**2 - 2*m + 7. Let f(g) = 5*v(g) - 6*x(g). Let o(z) = -z**2 + 5*z + 1. Let i be o(4). Give f(i).
-2
Let w(x) = x - 4. Let j = 7 + -4. Let d be (-18)/4 - j/(-6). What is w(d)?
-8
Let d(y) = -y - 5. Suppose -5*s = -3*f - 9 - 101, -71 = -4*s - f. Let h be 5*(s/(-5) + 3). What is d(h)?
-1
Let x(t) be the first derivative of 1 + 1/2*t**2 + 3*t. Determine x(3).
6
Let j = -4 + 3. Let t be 2 + j/1 + -5. Let b(w) = 3*w**2 + 0*w**2 - w + w**3 - 2*w + 1. What is b(t)?
-3
Let j(h) = h**3 - 2*h**2 + 2*h + 2. Let n be (24/(-30))/(0 - 2/5). Calculate j(n).
6
Let b(l) = l**2 - 11. Let a(i) = -i**2 + 12. Let v(g) = -2*g + 11. Let x be v(9). Let z(j) = x*b(j) - 6*a(j). Calculate z(4).
-11
Let c(k) = -k**3 + k**2 + k. Let r be (-7)/(-3) - (-12)/18. What is c(r)?
-15
Let a(w) = -7*w**2 - 2*w - 1. Let m be (3 + -2)*(1 + -2). Calculate a(m).
-6
Let a be (9/6)/3*2. Let b = 8 + a. Suppose -4*c = -b*c. Let z(h) = h**3 + h**2 + h - 9. What is z(c)?
-9
Let r(g) = 4*g + g**3 + 3 + 7*g**2 + 0 - 13*g**2. Give r(5).
-2
Let d(c) = c**2 - 10*c - 66. Let z be d(15). Let u(x) = x**2 - 8*x - 4. Determine u(z).
5
Let p(o) = 1 - o**2 - 4*o**3 + 0*o**3 + 3*o**3 + o. Let z = 0 - 2. Determine p(z).
3
Let c(t) be the first derivative of -t**3/3 + 5*t**2/2 - 5*t - 1. Let i = 27 - 7. Let q = -16 + i. Determine c(q).
-1
Let k(a) = 0*a**2 + 10 - a**2 - 6*a + 11*a**2. Let l(j) = 3*j**2 - 2*j + 3. Let o(b) = 2*k(b) - 7*l(b). Determine o(-2).
-9
Let f(m) = 1 - 9*m**2 - 3*m + 3*m. Suppose 4 = -2*w - 4. Let s = w + 3. What is f(s)?
-8
Let l(j) = j**2. Let q(g) = -2*g**3 - g + 2*g**3 - 2*g**3 + 0*g**3 - 4*g**2. Let a(y) = 3*l(y) + q(y). Calculate a(-1).
2
Let x(c) = -c**3 + 8*c**2 - 8*c + 8. Let m be x(7). Let n(z) = 10*z - 4. Let f(s) = 20*s - 7. Let t(i) = 3*f(i) - 5*n(i). Calculate t(m).
9
Let l(g) = -g**2 - 8*g - 7. Suppose 5*x + 0*x = 4*h - 39, x + h = -6. Determine l(x).
0
Let s = 13 - 7. Let d(v) be the first derivative of v**4/4 - 2*v**3 - 4*v - 16. Calculate d(s).
-4
Let v(i) = -i**3 + 5*i**2 - 3*i + 4. Suppose 0 = 2*m + 5 - 15. What is v(m)?
-11
Let u(v) be the second derivative of v**5/20 - v**4/12 + 2*v**2 + v. Let t be u(0). Suppose d + t*s - 7 = 0, 0 = -d - 3*s - 0 + 4. Let y(m) = -m + 2. Give y(d).
7
Suppose 23 - 5 = 2*u + 4*f, 4*f - 13 = 3*u. Let l(k) = k**3 + k**2 + 1. Let h(q) = 3*q**3 - 3*q**2 - 7*q + 8. Let s(d) = u*h(d) - 2*l(d). Calculate s(6).
0
Suppose -4*o - 3 = 17. Let q(k) be the second derivative of -k**5/20 - k**4/2 - 2*k**3/3 - k**2 + 57*k + 1. What is q(o)?
-7
Let f(s) be the third derivative of s**6/120 - s**5/12 - s**3/6 + 24*s**2. Determine f(5).
-1
Let g(c) = c**2 + 6*c + 5. Let k be 1/((-22)/10 + 2). Let h be g(k). Let i(q) = -q**2 + 2 + 0*q**2 - 5. Calculate i(h).
-3
Let l(u) = 3. Suppose 0 = 5*h - z + 6, 0 = 4*h - 0*h + 4*z + 24. Let i(n) = n - 4. Let j(x) = h*i(x) - 3*l(x). What is j(-3)?
5
Let t(g) be the second derivative of g**3/6 + g. Let s be -27*10/(-225) + 4/5. Calculate t(s).
2
Suppose 11*m - 10*m = 0. Let r(d) = d**3 - 4*d**2 - 3 - d**2 + d + 3*d + m*d**2. Give r(2).
-7
Let o(g) = -g - 1. Let u be o(-4). Suppose -u*a + 4 - 1 = 0. Let j(r) = 2*r + a + 0*r + 3*r**2 - 4*r. Determine j(1).
2
Let x(z) = 0 + 7*z**2 - 12 - 6*z**2. What is x(0)?
-12
Let p(y) be the third derivative of -5*y**4/24 - 5*y**3/2 + 3*y**2. Let l(s) = -2*s - 5. Suppose 2*q = 7*q - 15. Let m(t) = q*p(t) - 8*l(t). Calculate m(6).
1
Let r(f) = -8*f**3 - f**2 + f + 1. Suppose 5*d - 3*x = -0 + 87, 2*d - 2*x - 34 = 0. Suppose -3*s - d = 3*b, -3*b - 11 = -3*s + 1. Determine r(s).
7
Let d(x) = -1. Let u(a) = -a + 3. Suppose -2*c + 18 = 4*f, 4*c - 20 = -2*f - 2*f. Let t(z) = c*u(z) - 5*d(z). Calculate t(0).
8
Let l(w) = -3 - 3*w**2 - 3*w + 7*w**2 - 2*w**2. Let z(d) = -d + 11. Suppose -3 = v - 11. Let j be z(v). What is l(j)?
6
Let o(y) be the first derivative of -y**3/3 - y**2/2 + 3*y + 1. Let a(c) = c**3 + 7*c**2 + 16*c + 16. Let q be a(-4). Determine o(q).
3
Let z(w) = w**2 - 3*w**2 + 3*w**2 - 1 + 2*w - 4*w**2. Let q be 4/(-3) + (-4)/6. Let t be (-1)/q*(3 + -1). Calculate z(t).
-2
Suppose -u - 12 = 2*u. Let i = -11 + 8. Let v(a) = -5*a**3 + 4*a - 2. Let h(m) = 4*m**3 + m**2 - 4*m + 1. Let c(g) = i*v(g) + u*h(g). Calculate c(-5).
7
Let y(z) be the third derivative of z**6/120 + 3*z**5/20 + z**4/3 + z**3/6 - 2*z**2. Let r be y(-8). Let n(b) = -2*b + 2*b - r - 2*b. What is n(-2)?
3
Suppose q = -3*k - 10, -4*k - 18 = q + k. Let v(s) = -s + s**3 + 3 - q*s**3 + 0*s. Suppose 10 = 3*a - a - 5*d, -a + 2*d + 4 = 0. Calculate v(a).
3
Let j(o) = -o**3 - 7*o**2 + 11*o + 11. Let i = -11 - -3. Give j(i).
-13
Let b(r) = -r**3 + 6*r**2 - 5*r + 2. Let i be (6/1 + -3)/1. Let f be i - (-3 + 3)/(-2). Suppose -4*n + 23 = -f*k, 2 = 3*n - 2*k - 15. What is b(n)?
2
Let h be (-2)/((-3)/1 - -1)*5. Let a(g) = g**3 - 6*g**2 + 4*g + 1. What is a(h)?
-4
Let i(f) be the third derivative of -f**5/60 - f**4/24 - f**3/6 + 5*f**2. What is i(2)?
-7
Let h(u) = 3*u**3 - 27*u**2 - 3*u + 24. Let c be h(9). Let f(p) = 6*p + 3. Give f(c).
-15
Let w(o) = o**3 + 4*o**2 + 3*o + 4. Suppose 17*n - 2 = 16*n. Suppose -6*q + n*q = 2*d + 10, 0 = -q - 4*d + 1. What is w(q)?
4
Let k(w) = w**2 - 2*w - 3. Let b(n) = n + 1. Let f(q) = -q**2 - 4*q + 2. Let s be f(-4). Let p be b(s). Give k(p).
0
Let b = 5 + -1. Let c(m) = m + 0 - b + 2. What is c(0)?
-2
Let g(c) = -2*c + 15. Let x be ((-5 - -7) + -1)*11. Give g(x).
-7
Let o(g) = -g**3 + 3*g - 1. Suppose -5*t = 14 + 21. Let k = t - -9. What is o(k)?
-3
Suppose -2*w - 3*n - 2 = -9, 11 = 3*w + 5*n. Let u(x) = 3*x - 2*x**w + 2 + 1 - 4*x**3 + 3*x**3. Determine u(-2).
-3
Let f(u) = 27*u**3. Suppose -2*d + 2*q - 7*q + 7 = 0, -6 = -5*d - q. What is f(d)?
27
Let i(p) = p + 1. Let s be i(0). Let n(v) = -s - 3 - 5*v + v + 4*v**2 + v**2. Let f(j) = -j**2 - j - 1. Let g(r) = 3*f(r) - n(r). Calculate g(-1).
-8
Let c = -15 - -10. Let l(x) = -3*x - 4. Give l(c).
11
Let o be 505/55 - 4/22. Let v(z) = o*z + 0*z + 1 - z + z. Determine v(-1).
-8
Let t(o) be the second derivative of o**5/20 + 7*o**4/12 + o**3/6 + 5*o**2/2 - 4*o. Calculate t(-7).
-2
Let r = -18 + 21. Let j(v) = -v**2 + 8*v + 10. Let l(w) = w**2 - 7*w - 9. Let g(x) = -5*j(x) - 6*l(x). Calculate g(r).
1
Let q(y) = -4 + 5*y + 5 + 7*y. Suppose -3*m + 6 = -6*m. Let i(h) = 4*h. Let f(c) = m*q(c) + 7*i(c). Determine f(3).
10
Let a = 7 + -4. Suppose 2*h = -i + 5, 0 = -h + 5*i - 20 - 5. Let t be h*(-2)/4 - a. Let d(w) = w**2 - 4. What is d(t)?
5
Let w(x) be the third derivative of x**5/60 - 7*x**4/24 + 2*x**3 - 5*x**2 + 1. What is w(5)?
2
Let x(m) = -4 + 6 + 2*m**2 - 3*m**2 + m + 0. Let c be (6 - (11 - 4)) + -2*1. What is x(c)?
-10
Let h = -81 - -226. Suppose -2*b + 7*b - h = 0. Suppose -b = 5*l - 4*j, l + 0*j + 10 = 5*j. Let k(v) = v + 1. Give k(l).
-4
Let a be 2/(3/6*-4). Let o(z) = -4*z + 1. Calculate o(a)